1?
False
Is 4 a factor of 2421618?
False
Does 21 divide 9245271?
True
Is 629 a factor of 415497901?
True
Does 610 divide 29421633?
False
Does 77 divide 34684058?
False
Does 511 divide 4849043102?
False
Is 806 a factor of 2384929014?
True
Does 9 divide 1113485789?
False
Is 48 a factor of 48922071?
False
Does 107 divide 94542342?
False
Does 45 divide 811523041?
False
Is 15162520 a multiple of 45?
False
Is 728 a factor of 30759456?
True
Is 1080774805 a multiple of 353?
True
Is 18398544 a multiple of 693?
False
Is 77907645 a multiple of 5095?
True
Is 3 a factor of 5609846?
False
Is 44 a factor of 157925905?
False
Does 4 divide 50459656?
True
Does 32 divide 438198784?
True
Does 749 divide 2314410?
True
Is 448286807 a multiple of 15?
False
Is 1032774864 a multiple of 48?
True
Does 77 divide 495233450?
False
Is 2026 a factor of 189933448?
True
Does 26 divide 316056?
True
Is 43932705 a multiple of 565?
True
Is 65057182 a multiple of 19?
False
Is 84925256 a multiple of 11?
False
Is 135729851 a multiple of 69?
False
Is 226 a factor of 43058650?
True
Is 239258525 a multiple of 4279?
False
Is 146 a factor of 151411223?
False
Is 1449682608 a multiple of 1936?
True
Does 2077 divide 58031380?
True
Does 13 divide 34404149?
True
Does 52 divide 182539753?
False
Does 225 divide 459028975?
False
Is 1417099687 a multiple of 8135?
False
Is 163 a factor of 724614542?
False
Is 9280402 even?
True
Does 10 divide 46411770?
True
Is 470427120 a multiple of 15?
True
Is 29515815 a multiple of 315?
True
Is 6295342 a multiple of 307?
True
Is 290549112 a multiple of 47?
True
Is 31535725 a multiple of 122?
False
Does 53 divide 181546463?
False
Does 68 divide 28984660?
True
Is 46 a factor of 1967696?
True
Is 563368363 a multiple of 930?
False
Does 2665 divide 419127215?
True
Is 31 a factor of 369492534?
True
Does 31 divide 1161765755?
False
Is 2089670 a multiple of 121?
True
Is 4434217196 a multiple of 46?
True
Does 76 divide 609554?
False
Does 22 divide 810679303?
False
Is 808924668 a multiple of 3?
True
Is 13 a factor of 3721317795?
True
Is 65066706 a multiple of 54?
True
Is 38 a factor of 182077051?
False
Is 27313645 a multiple of 63?
False
Does 65 divide 25161240?
True
Does 293 divide 119732692?
True
Is 11 a factor of 53179566?
True
Is 36625050 a multiple of 35?
True
Is 4380827 a multiple of 31?
True
Is 3 a factor of 33644262?
True
Is 284 a factor of 88124348?
True
Is 782297046 a multiple of 208?
False
Does 601 divide 172534479?
True
Is 4853 a factor of 60567433?
False
Is 549 a factor of 46327160?
False
Is 2828 a factor of 28639119?
False
Is 702 a factor of 993300985?
False
Does 1974 divide 2223270798?
True
Is 62 a factor of 52494655?
False
Is 62150250 a multiple of 50?
True
Is 591 a factor of 1487962473?
True
Does 1741 divide 613878075?
False
Is 1131 a factor of 2869554969?
False
Is 237744102 a multiple of 303?
True
Is 83 a factor of 183636172?
True
Does 51 divide 527093211?
True
Does 721 divide 736800982?
False
Is 7 a factor of 331288209?
True
Does 10 divide 763861543?
False
Does 751 divide 158322254?
False
Is 4 a factor of 27870856?
True
Is 1073 a factor of 189828722?
True
Is 19 a factor of 323861973?
True
Does 731 divide 29897169?
True
Does 3 divide 7014131?
False
Does 690 divide 1383200910?
True
Does 351 divide 242568441?
False
Does 1716 divide 1299653784?
True
Is 101 a factor of 5348410?
False
Is 138411636 a multiple of 22?
True
Does 1710 divide 767608740?
True
Is 378826233 a multiple of 151?
True
Is 6 a factor of 1634284909?
False
Does 1917 divide 14914260?
True
Does 41 divide 330782260?
True
Is 174323845 even?
False
Is 8 a factor of 1304265832?
True
Does 2336 divide 96262198?
False
Is 195 a factor of 192648105?
True
Is 117 a factor of 961298616?
False
Is 480 a factor of 9249600?
True
Is 108156464 a multiple of 64?
False
Is 4 a factor of 131476904?
True
Is 1061024309 a multiple of 16?
False
Does 20 divide 1570179009?
False
Is 2559643610 a multiple of 12?
False
Does 105 divide 58388400?
True
Does 302 divide 4438494?
True
Is 64167865 a multiple of 19?
False
Is 24 a factor of 7063536?
True
Is 2265 a factor of 362028540?
True
Is 59576125 a multiple of 175?
True
Does 2940 divide 821155713?
False
Is 13 a factor of 1064327797?
True
Is 1011631829 a multiple of 1094?
False
Does 406 divide 44438730?
True
Does 29 divide 14900681?
False
Is 3967 a factor of 266328785?
False
Is 796913025 a multiple of 12?
False
Does 18 divide 41285160?
True
Does 12 divide 389131992?
True
Is 3 a factor of 260245392?
True
Does 3717 divide 1325695015?
False
Is 3013302 a multiple of 3?
True
Is 199 a factor of 13037286?
True
Is 651 a factor of 903650496?
True
Does 202 divide 5518438?
True
Is 55668784 a multiple of 19?
True
Is 2863108 a multiple of 8?
False
Is 90838515 a multiple of 37?
True
Is 1067 a factor of 591490420?
False
Is 30778364 a multiple of 68?
True
Does 15 divide 1825579107?
False
Does 466 divide 84150029?
False
Is 1623 a factor of 6386897766?
True
Does 1093 divide 332643620?
True
Does 590 divide 25643855?
False
Is 21373427 a multiple of 32?
False
Does 36 divide 470304?
True
Is 2 a factor of 278474366?
True
Does 262 divide 54110257?
False
Does 122 divide 10156066?
False
Does 2 divide 15919428?
True
Does 2 divide 17968353?
False
Does 1615 divide 2439278235?
True
Is 175 a factor of 48125700?
True
Is 7649 a factor of 5829142271?
True
Is 538 a factor of 10520052?
True
Is 9 a factor of 191950715?
False
Is 1234 a factor of 16165351?
False
Is 189180778 a multiple of 907?
False
Does 101 divide 211364720?
True
Does 541 divide 551745883?
True
Is 6281437 a multiple of 31?
True
Is 73 a factor of 15779826?
True
Is 1070801 a multiple of 12?
False
Is 8567220 a multiple of 78?
False
Is 16 a factor of 4796401936?
True
Does 8 divide 746640392?
True
Is 273188282 a multiple of 782?
False
Is 4025271 a multiple of 3?
True
Is 60108672 a multiple of 192?
True
Does 9 divide 28820997?
True
Does 4 divide 49022248?
True
Is 11391408 a multiple of 112?
True
Does 792 divide 193449960?
True
Does 81 divide 166344296?
False
Does 505 divide 85857575?
True
Is 215 a factor of 164205390?
True
Does 171 divide 191529714?
False
Is 1924 a factor of 159435243?
False
Is 2647 a factor of 544763188?
True
Does 898 divide 53064674?
False
Does 270 divide 2794444920?
True
Does 152 divide 1463487616?
True
Does 103 divide 975451303?
True
Does 916 divide 11337332?
True
Is 50671695 a multiple of 41?
True
Is 150695055 a multiple of 1026?
False
Is 60489126 a multiple of 31?
False
Does 671 divide 73408742?
True
Is 134270511 a multiple of 276?
False
Does 11 divide 32654908?
True
Does 52 divide 80562015?
False
Does 2273 divide 76445536?
True
Is 2906478036 a multiple of 84?
True
Is 12 a factor of 154672344?
True
Is 45 a factor of 342034155?
True
Is 461 a factor of 17575164?
True
Is 5262165584 a multiple of 13?
True
Is 192391823 a multiple of 481?
True
Does 44 divide 544185004?
True
Is 40317850 a multiple of 50?
True
Is 68 a factor of 126822448?
True
Does 90 divide 472857120?
True
Does 1343 divide 69758106?
True
Is 519 a factor of 757505358?
False
Is 47 a factor of 225249701?
False
Is 2760374660 a multiple of 2612?
True
Is 6 a factor of 95286610?
False
Does 145 divide 98230574?
False
Is 87 a factor of 959130422?
False
Does 12 divide 26425596?
True
Does 308 divide 441171200?
False
Is 3369980077 a multiple of 139?
False
Does 525 divide 377254500?
True
Is 91427654 a multiple of 760?
False
Is 525399746 a multiple of 36?
False
Is 50899906 a multiple of 90?
False
Does 1980 divide 144027180?
True
Is 44610074 a multiple of 17?
True
Does 9 divide 27893123?
False
Is 349633962 a multiple of 5?
False
Is 163261979 a multiple of 23?
False
Does 30 divide 1352490737?
False
Does 25 divide 25157250?
True
Does 12 divide 582050905?
False
Is 4160 a factor of 514326137?
False
Is 617048011 a multiple of 107?
False
Is 48239610 a multiple of 8?
False
Is 1061149855 a multiple of 37?
False
Is 27713388 a multiple of 12?
True
Is 254 a factor of 365564420?
True
Does 1261 divide 150755072?
True
Is 12152 a factor of 2141550424?
False
Is 3305994240 a multiple of 184?
True
Does 21 divide 73128185?
False
Does 2243 divide 4556389?
False
Is 2993435340 a multiple of 4651?
False
Is 766089360 a multiple of 5580?
True
Does 74 divide 2450954?
True
Does 21 divide 29014566?
True
Is 329201